e the prime factors of (-3)/(((-5)/u)/1)?
3, 23
Suppose n + 5*u - 9*u = 3490, 0 = -5*n + 5*u + 17450. List the prime factors of n.
2, 5, 349
Suppose -1073 = -2*m + 5*i, -109 = -m - 3*i + 444. List the prime factors of m.
2, 17
Suppose -6*x + 1463 = 5*x. Suppose -2*u = h - 29, -5*h - 2*u - 2*u = -x. What are the prime factors of h?
5
List the prime factors of ((-4)/18)/(3/(-7317)).
2, 271
Let m(a) = -a + 9. Let t be m(11). Let p be 6*t/20*-5. Let b = p - -2. List the prime factors of b.
5
Let k(x) = -2*x**2 + 13*x + 5. Let b(m) = 2*m**2 - 14*m - 5. Let d be -3 - ((-12)/(-4) + -2). Let o(n) = d*b(n) - 5*k(n). List the prime factors of o(7).
2, 3, 5
Suppose -18*b = -31*b + 21957. What are the prime factors of b?
3, 563
Suppose 0 = 4*i - 6*i + 14. Suppose 5*p - i = 8. Suppose -2*b - p*b = -55. What are the prime factors of b?
11
Let r(p) = -144*p**3 - 16*p**2 - 45*p - 4. List the prime factors of r(-3).
5, 31
What are the prime factors of ((-79)/2*-78)/((-10)/(-10))?
3, 13, 79
Suppose 5*g - 4*g - 2 = 0. Suppose -2*i + 6 = 3*r, -2*i + 0*r - g*r = -4. Suppose 130 = 2*c + h, i = 5*c + 3*h - 296 - 30. What are the prime factors of c?
2
Suppose 3*p - 1932 = 2*v - 156, 1776 = 3*p + 2*v. What are the prime factors of p?
2, 37
Let a be 13 - 9 - 1*-1. Suppose -3*c + a*q + 18 + 324 = 0, -4*q - 557 = -5*c. List the prime factors of c.
109
Suppose -12*m + 19494 = 15*m. List the prime factors of m.
2, 19
What are the prime factors of ((-10)/(-6))/(51/4590)?
2, 3, 5
Let i(h) = 441*h**2 + 27*h + 28. What are the prime factors of i(-1)?
2, 13, 17
Let h = 15 + -13. Suppose -h*r + 18 = 14. Suppose -3*x = r*x - 20, 35 = i + 2*x. What are the prime factors of i?
3
Suppose -h = 4*o + 217, 5*o - 2*h + 290 = -7*h. Let a = 31 + -57. Let m = a - o. What are the prime factors of m?
3
Suppose -6 = 2*g - 3*g. Let y(w) = 11*w - 54. Let c(j) = 5*j - 27. Let r(t) = g*y(t) - 13*c(t). What are the prime factors of r(0)?
3
Let w = -1100 - -1584. Let f = -345 + w. What are the prime factors of f?
139
Suppose 5*a - 57 - 33 = 0. What are the prime factors of a/(-81) + 137/9?
3, 5
Let l be ((-10)/(-30))/(2/(-138)). Let g = 41 + l. List the prime factors of g*-1*(-32)/12.
2, 3
List the prime factors of -2*(-7)/(-168) - (-52369)/12.
2, 1091
Let m(s) be the third derivative of -15*s**4/8 + 11*s**3/6 - 2*s**2. Let z(o) = 22*o - 5. Let a(c) = 4*m(c) + 9*z(c). What are the prime factors of a(1)?
17
Suppose 0 = -5*u - 20, 2*g - 4*u + 495 = -23. Let a = g + 395. What are the prime factors of a?
2
Suppose -3*u - q = -3437, q - 4 - 1 = 0. What are the prime factors of u?
2, 11, 13
Suppose 20*v - 31*v + 22 = 0. List the prime factors of v.
2
Let v(i) be the first derivative of -4*i + 5 + 23/2*i**2. List the prime factors of v(2).
2, 3, 7
Let w = -7 + 7. Suppose w = 2*j - 4*z - 46 + 6, 4*j - 53 = -z. List the prime factors of j.
2, 7
Let t(g) = g**3 - 2*g**2 + 3*g - 1. Let p be t(2). Let n = -5 + p. Suppose -2*o + n = -30. List the prime factors of o.
3, 5
Let i(w) = -68*w + 10. Let s be i(3). Let m = s - -281. Suppose -m = -6*r + 237. What are the prime factors of r?
2, 3
Let y = -1654 - -1656. What are the prime factors of y?
2
Let k(l) = -19*l**3 + 2*l**2 + l. Let t(r) = r**3. Let j(n) = k(n) - 4*t(n). What are the prime factors of j(-1)?
2, 3
Let j(l) = -l**2 + 12*l - 17. Let n be j(10). Suppose 5*h = -4*q + 482, n*q = 11 - 2. Let m = -21 + h. List the prime factors of m.
73
Let b(p) = -37*p - 3 - 8 - 5*p. What are the prime factors of b(-2)?
73
Let b(n) = n**2 - 8*n - 6. Let d be b(9). Let a be 184/16 - d/2. Suppose 3*j + 34 = t, 5*j + 10 = -a. What are the prime factors of t?
2, 11
Suppose -b - j + 27 = b, 2*b - 21 = 5*j. Suppose -3*z - b = -160. List the prime factors of z.
7
Let j = 44 - 83. Let r = j - -73. List the prime factors of r.
2, 17
Let c be (-50)/(-18) - 2/(-9). Let h(p) = 10*p - 12. List the prime factors of h(c).
2, 3
Let v = -672 + 841. What are the prime factors of v?
13
What are the prime factors of (169*2/(-8))/(18/(-288))?
2, 13
Suppose -7*u = -2*u + 4*w - 1, -4*u - 3*w = -1. Suppose 0 = -3*a + 34 - u. Let g = a + 6. List the prime factors of g.
17
Let m be 2*1 - (-14 - -2). Let h = m - 20. What are the prime factors of (-59 + 11)*2/h?
2
Let h = -829 - -547. Let a = -104 - h. What are the prime factors of a?
2, 89
Suppose 43*c = -34*c + 197428. What are the prime factors of c?
2, 641
Suppose 0 = u - 2*m + 7*m - 41, -3*u = -5*m - 23. Let h be 4/u + 14/8. Suppose 0 = -h*t + 4*t - 16. List the prime factors of t.
2
Let u = 540 - 218. What are the prime factors of u?
2, 7, 23
Let v(o) = -o**3 - 13*o**2 + 7*o - 3. Suppose -2*y - 32 = 2*m, -3*m - 3*y - 34 = -m. List the prime factors of v(m).
5, 19
Suppose -3*m + 58 = 70, 0 = j + 5*m - 5388. List the prime factors of j.
2, 13
Suppose -21 = 10*w - 51. Suppose w*u - 3*a = 276, -3*a + 484 = 5*u - 0*a. List the prime factors of u.
5, 19
Suppose 8*t - 7*t = 1. List the prime factors of 1198/6 - 1 - t/(-3).
199
Suppose 7*f - f - 24 = 0. Suppose -3*r = -p - 4*p + 18, -3*p - 5*r = -f. What are the prime factors of p?
3
Let s = 88 - 48. Let m be -3 - -2 - (-5 - s). Suppose 24 = 2*p - m. What are the prime factors of p?
2, 17
List the prime factors of 2 - -517 - 54/(8 + 1).
3, 19
Suppose 2*d - z = 1908 + 5701, 0 = 4*d + 4*z - 15188. List the prime factors of d.
2, 1901
Let f(r) = 7*r**2 + 35*r - 103. List the prime factors of f(11).
1129
Let x = -22 - -17. Let a(u) = u**2 + 3*u - 1. Let q be a(x). List the prime factors of -1 + 49 + -13 + q.
2, 11
Let q = 3820 + -2630. List the prime factors of q.
2, 5, 7, 17
Suppose -2*d + d - 3*q = -164, -2*q = 3*d - 513. Let i = 283 - d. List the prime factors of i.
2, 5, 11
Suppose 0 = 29*z - 34*z + 405. Let c = z - 8. List the prime factors of c.
73
Let k(m) = 3*m**2 + 10*m + 8. Let b be k(-6). Let j = b + -37. Let i = 42 - j. What are the prime factors of i?
23
Let r be 4*(-2)/4 + 6 + 202. Suppose 2*v - f + 3*f = r, -3*v + 4*f = -330. List the prime factors of v.
2, 53
Suppose -4*w = 2*j - 17822, -4*w + 138*j - 135*j = -17837. What are the prime factors of w?
4457
Let g(o) be the third derivative of -o**4/12 + 13*o**3/3 - 10*o**2. List the prime factors of g(11).
2
Suppose -4*f + 46 = 3*m, 11 = -m + 2*m - 3*f. Suppose 0 = -m*d + 16*d - 588. What are the prime factors of d?
2, 3, 7
Suppose -2*v + 322 = 2*j, 0 = -7*j + 3*j + 2*v + 668. Let u = j + -95. List the prime factors of u.
2, 5, 7
Suppose -2*h = 2*h - 3*k + 19, 9 = -3*k. Let g = h + 27. Suppose -57 = -z - g. What are the prime factors of z?
37
Let h be -1*-3*(-4)/(-12)*0. Suppose 3 - 9 = -2*x. Suppose h = 5*o - b - 19, o + b + x = 2*o. What are the prime factors of o?
2
Let t = -7 + 12. Suppose -3*d - 52 - 18 = -c, d - 350 = -t*c. Suppose 2*u = c - 8. What are the prime factors of u?
31
Let g be 3 - -3*-5*(-4)/30. Suppose -3*r + l = -587, 0 = -g*r - 2*l - l + 997. List the prime factors of r.
197
Suppose 3*x - 35 = w - 3, 112 = -3*w + 5*x. Suppose 0 = -4*v + 5*t + 281, -4*v + 0*v = t - 251. Let y = v + w. What are the prime factors of y?
2, 5
List the prime factors of (60/18)/(1335/333 + -4).
2, 5, 37
Let g(t) = -t**3 + 26*t**2 + 13*t - 300. List the prime factors of g(24).
2, 3, 97
Suppose -4*i - 3*b + 13602 = 0, -2*i + 4*b + 2489 = -4323. What are the prime factors of i?
2, 3, 7
Let q be -5 + 2 - 28*-2. Suppose 16 - q = -m. What are the prime factors of m?
37
Let o = -450 + 845. What are the prime factors of o?
5, 79
Let x be 4 + -5 - 2/2. Let y be (x/5)/(2/(-20)). Let v(m) = 12*m + 8. What are the prime factors of v(y)?
2, 7
Suppose 0 = 3*c + n - 3, 5*c + 5*n = 3*c + 15. Suppose -z + 28 + 8 = c. Let r = -1 + z. What are the prime factors of r?
5, 7
Suppose 5*d - 125 = 175. Let y = 155 + d. What are the prime factors of y?
5, 43
What are the prime factors of 11*3*4/12?
11
Suppose -4*s = 3*p - 614, 2*s + 578 = 5*p - 480. What are the prime factors of p?
2, 3, 5, 7
Suppose 4*b - 75 = 9*b. Let p be (b/9)/(1/(-3)). Suppose -50 = -p*h + 5. List the prime factors of h.
11
Suppose 0 = 4*u - 7*u + 6. Let k(h) = h + 3 - u*h - 6 - 2*h. List the prime factors of k(-5).
2, 3
Let d(b) = 111*b - 134. What are the prime factors of d(7)?
643
Suppose -5*k = -3*a + 4013, -54*k + 51*k = -6. List the prime factors of a.
3, 149
Let m be (-8 + 18)*2/5. Sup